4?
2, 81747121
What are the prime factors of 114743863?
13, 17, 167, 3109
What are the prime factors of 960781781?
61, 15750521
List the prime factors of 7019656000.
2, 5, 7, 103, 1217
List the prime factors of 363062345.
5, 3331, 21799
List the prime factors of 3283501.
13, 19429
What are the prime factors of 2605834799?
2605834799
List the prime factors of 61731649.
7, 2551, 3457
List the prime factors of 265488199.
83, 3198653
List the prime factors of 24406053.
3, 7, 1162193
List the prime factors of 88073171.
229, 384599
What are the prime factors of 31852567?
31852567
What are the prime factors of 7673079477?
3, 7, 365384737
What are the prime factors of 46343309?
17, 941, 2897
List the prime factors of 31204203.
3, 29, 358669
List the prime factors of 2580982028.
2, 645245507
List the prime factors of 206809492.
2, 587, 88079
What are the prime factors of 1128033224?
2, 141004153
What are the prime factors of 304785617?
1033, 295049
List the prime factors of 110778498.
2, 3, 6154361
List the prime factors of 101232991.
239, 467, 907
What are the prime factors of 2934027378?
2, 3, 5443, 29947
What are the prime factors of 5687264689?
5687264689
What are the prime factors of 154749540?
2, 3, 5, 11, 37, 6337
What are the prime factors of 2459222468?
2, 23, 577, 46327
List the prime factors of 2167959001.
13, 23, 79, 91781
List the prime factors of 8688950.
2, 5, 173779
What are the prime factors of 7522729924?
2, 173, 983, 11059
List the prime factors of 728464771.
157, 4639903
List the prime factors of 2470981809.
3, 41, 20089283
List the prime factors of 347340435.
3, 5, 13, 1781233
List the prime factors of 108675545.
5, 11, 263, 683
What are the prime factors of 67042960?
2, 5, 838037
List the prime factors of 92120557.
79, 1166083
List the prime factors of 1003355192.
2, 7, 19, 943003
List the prime factors of 249224875.
5, 619, 3221
What are the prime factors of 1569821009?
47, 4871, 6857
List the prime factors of 78579327.
3, 31, 59, 14321
List the prime factors of 230425493.
941, 244873
List the prime factors of 67000297.
7, 13, 107, 983
List the prime factors of 415580911.
415580911
What are the prime factors of 98737688?
2, 7, 1763173
List the prime factors of 4601947564.
2, 89, 12926819
What are the prime factors of 4567564634?
2, 193, 11833069
List the prime factors of 76733785.
5, 15346757
List the prime factors of 1689313009.
19, 67, 139, 9547
List the prime factors of 182602819.
7, 23, 1134179
What are the prime factors of 98961094?
2, 49480547
What are the prime factors of 103411441?
7, 14773063
What are the prime factors of 37306308?
2, 3, 13, 89, 2687
What are the prime factors of 1810170555?
3, 5, 89, 1355933
List the prime factors of 5799888601.
13, 61, 7313857
What are the prime factors of 25391926?
2, 7, 1223, 1483
What are the prime factors of 67166521?
67166521
What are the prime factors of 1378666693?
89, 151, 102587
List the prime factors of 77965927.
13, 17, 587, 601
What are the prime factors of 212471875?
5, 7, 11, 883
What are the prime factors of 4691315110?
2, 5, 469131511
List the prime factors of 844902222.
2, 3, 19, 7411423
What are the prime factors of 41084925?
3, 5, 7, 139, 563
What are the prime factors of 3059456567?
2851, 1073117
What are the prime factors of 4175446491?
3, 463938499
List the prime factors of 37064923.
7, 108061
What are the prime factors of 8570185?
5, 13, 131849
List the prime factors of 242423964.
2, 3, 19, 354421
List the prime factors of 50952948.
2, 3, 181, 23459
What are the prime factors of 418457066?
2, 29, 2357, 3061
What are the prime factors of 102991622?
2, 43, 1197577
What are the prime factors of 3002970816?
2, 3, 5213491
List the prime factors of 191219896.
2, 7, 199, 17159
What are the prime factors of 5703671?
223, 25577
List the prime factors of 71077027.
7, 2677, 3793
What are the prime factors of 54825796?
2, 13706449
List the prime factors of 109915099.
7, 15702157
What are the prime factors of 1814984427?
3, 604994809
What are the prime factors of 2110700895?
3, 5, 241, 583873
What are the prime factors of 63370201?
63370201
List the prime factors of 259204767.
3, 79, 83, 13177
List the prime factors of 8575173935.
5, 97, 113, 156467
What are the prime factors of 89369075?
5, 107, 33409
List the prime factors of 5767404232.
2, 29, 24859501
List the prime factors of 14440872.
2, 3, 23, 26161
List the prime factors of 160736459.
13, 839, 14737
List the prime factors of 10175604.
2, 3, 847967
What are the prime factors of 4149511253?
107, 38780479
List the prime factors of 3466844485.
5, 13, 151, 421, 839
What are the prime factors of 8759659?
43, 203713
What are the prime factors of 74481686?
2, 29, 317, 4051
What are the prime factors of 64564372?
2, 83, 194471
List the prime factors of 689221240.
2, 5, 107, 161033
List the prime factors of 2541778169.
7, 363111167
What are the prime factors of 73204326?
2, 3, 13, 312839
What are the prime factors of 1297046867?
1297046867
List the prime factors of 2215911015.
3, 5, 49242467
What are the prime factors of 1959996271?
163, 487, 24691
List the prime factors of 78642804.
2, 3, 6553567
List the prime factors of 384276241.
384276241
List the prime factors of 531126388.
2, 13, 2377, 4297
List the prime factors of 1123904362.
2, 7, 80278883
List the prime factors of 906547867.
906547867
List the prime factors of 3782444946.
2, 3, 7, 631, 20389
List the prime factors of 820044134.
2, 7, 13, 4505737
List the prime factors of 468028444.
2, 13, 19, 47, 10079
What are the prime factors of 44985836?
2, 7, 31, 51827
What are the prime factors of 347081?
7, 179, 277
List the prime factors of 56317631.
107, 4919
What are the prime factors of 320530735?
5, 7, 769, 11909
List the prime factors of 1524193668.
2, 3, 4397, 9629
What are the prime factors of 14728516?
2, 11, 37, 83, 109
List the prime factors of 142417950.
2, 3, 5, 949453
List the prime factors of 115427909.
17, 569, 11933
List the prime factors of 31030959.
3, 10343653
List the prime factors of 25711483.
7, 3673069
What are the prime factors of 10353308?
2, 7, 101, 523
List the prime factors of 16096062.
2, 3, 73, 36749
List the prime factors of 1281113999.
11, 17, 587, 1061
List the prime factors of 2354010.
2, 3, 5, 78467
List the prime factors of 2857500827.
2857500827
What are the prime factors of 262005020?
2, 5, 17, 43, 17921
List the prime factors of 42028948.
2, 13, 79, 787
What are the prime factors of 90839672?
2, 7, 11, 31, 67, 71
What are the prime factors of 738318659?
13, 56793743
What are the prime factors of 79682271?
3, 26560757
List the prime factors of 5285527820.
2, 5, 29, 53, 139, 1237
What are the prime factors of 4140941345?
5, 17, 47, 1036531
What are the prime factors of 2012337116?
2, 503084279
What are the prime factors of 719549276?
2, 17, 29, 364883
What are the prime factors of 217853137?
103, 2115079
List the prime factors of 386795785.
5, 77359157
List the prime factors of 32444140.
2, 5, 1622207
List the prime factors of 169767208.
2, 13, 79, 20663
List the prime factors of 535085736.
2, 3, 113, 191, 1033
List the prime factors of 168851430.
2, 3, 5, 11, 170557
List the prime factors of 1039509416.
2, 11, 11812607
What are the prime factors of 1019059183?
23, 44306921
List the prime factors of 47723423.
11, 83, 167, 313
List the prime factors of 1957443134.
2, 131, 7471157
List the prime factors of 296159533.
17, 43, 405143
What are the prime factors of 86803817?
23, 3774079
What are the prime factors of 15056858?
2, 23, 29, 11287
What are the prime factors of 6851182581?
3, 1171, 24077
What are the prime factors of 102176550?
2, 3, 5, 7, 163, 199
List the prime factors of 16616143.
23, 449, 1609
What are the prime factors of 5469737326?
2, 151, 18111713
What are the prime factors of 56862672?
2, 3, 137, 8647
List the prime factors of 224335454.
2, 7, 16023961
What are the prime factors of 577766219?
41, 661, 21319
What are the prime factors of 1295013736?
2, 161876717
What are the prime factors of 48576582?
2, 3, 17, 158747
What are the prime factors of 41002174?
2, 167, 122761
List the prime factors of 120653492.
2, 23, 167, 7853
What are the prime factors of 2665591924?
2, 666397981
What are the prime factors of 20728490?
2, 